{"id":10741,"date":"2018-07-18T16:51:45","date_gmt":"2018-07-18T14:51:45","guid":{"rendered":"https:\/\/www.lourdes-france.org\/suivre-procession-eucharistique\/"},"modified":"2021-03-02T16:09:35","modified_gmt":"2021-03-02T15:09:35","slug":"seguir-procesion-eucaristica","status":"publish","type":"page","link":"https:\/\/www.lourdes-france.org\/es\/seguir-procesion-eucaristica\/","title":{"rendered":"Seguir la procesi\u00f3n eucar\u00edstica"},"content":{"rendered":"\t\t<div data-elementor-type=\"wp-post\" data-elementor-id=\"10741\" class=\"elementor elementor-10741 elementor-665 elementor-bc-flex-widget\" data-elementor-post-type=\"page\">\n\t\t\t\t\t\t<section class=\"elementor-section elementor-top-section elementor-element elementor-element-3c85477b elementor-section-boxed elementor-section-height-default elementor-section-height-default\" data-id=\"3c85477b\" data-element_type=\"section\">\n\t\t\t\t\t\t<div class=\"elementor-container elementor-column-gap-no\">\n\t\t\t\t\t<div class=\"elementor-column elementor-col-100 elementor-top-column elementor-element elementor-element-1949f2c3\" data-id=\"1949f2c3\" data-element_type=\"column\">\n\t\t\t<div class=\"elementor-widget-wrap elementor-element-populated\">\n\t\t\t\t\t\t<div class=\"elementor-element elementor-element-f942b7c elementor-widget elementor-widget-text-editor\" data-id=\"f942b7c\" data-element_type=\"widget\" data-widget_type=\"text-editor.default\">\n\t\t\t\t<div class=\"elementor-widget-container\">\n\t\t\t\t\t\t\t\t\t<p>\u00ab<em>Vaya a decir a los sacerdotes que se construya aqu\u00ed una capilla y que se venga en procesi\u00f3n<\/em>\u00bb, dijo la Virgen Mar\u00eda a Bernardita Soubirous durante una de las apariciones. Todos los d\u00edas a las cinco de la tarde, de abril a octubre, los peregrinos de Lourdes responden a la petici\u00f3n de la Virgen Mar\u00eda reuni\u00e9ndose para participar en la procesi\u00f3n llamada \u00ab<em>eucar\u00edstica<\/em>\u00bb. La procesi\u00f3n comienza en la pradera del Santuario y termina en la bas\u00edlica de San P\u00edo X con un tiempo de adoraci\u00f3n del Sant\u00edsimo Sacramento seguido de la bendici\u00f3n de los peregrinos, poniendo en las primeras plazas a los enfermos. En la historia de Lourdes numerosas curaciones han tenido lugar en el momento de la bendici\u00f3n de los enfermos. <\/p>\t\t\t\t\t\t\t\t<\/div>\n\t\t\t\t<\/div>\n\t\t\t\t<div class=\"elementor-element elementor-element-d9c9055 elementor-widget elementor-widget-text-editor\" data-id=\"d9c9055\" data-element_type=\"widget\" data-widget_type=\"text-editor.default\">\n\t\t\t\t<div class=\"elementor-widget-container\">\n\t\t\t\t\t\t\t\t\t<p>La procesi\u00f3n eucar\u00edstica data de 1874. Ha tomado diferentes formas seg\u00fan los tiempos. Cuando hace mucho calor o mal tiempo se reemplaza la procesi\u00f3n por las \u00abalabanzas eucar\u00edsticas\u00bb.<\/p>\t\t\t\t\t\t\t\t<\/div>\n\t\t\t\t<\/div>\n\t\t\t\t<div class=\"elementor-element elementor-element-5fade511 elementor-widget elementor-widget-text-editor\" data-id=\"5fade511\" data-element_type=\"widget\" data-widget_type=\"text-editor.default\">\n\t\t\t\t<div class=\"elementor-widget-container\">\n\t\t\t\t\t\t\t\t\t<p>NB: Si quieren participar en la coral de la procesi\u00f3n, por favor vayan a la Bas\u00edlica de San P\u00edo X, cerca del \u00f3rgano, a partir de las 16:15.<\/p>\t\t\t\t\t\t\t\t<\/div>\n\t\t\t\t<\/div>\n\t\t\t\t<div class=\"elementor-element elementor-element-1e023abc elementor-widget elementor-widget-text-editor\" data-id=\"1e023abc\" data-element_type=\"widget\" data-widget_type=\"text-editor.default\">\n\t\t\t\t<div class=\"elementor-widget-container\">\n\t\t\t\t\t\t\t\t\t<p><span style=\"color: #e8a700;\">\u00bfLo sab\u00edan?<\/span> Pueden preparar su participaci\u00f3n en la procesi\u00f3n adorando al Sant\u00edsimo Sacramento en una de las capilla del Santuario (Pregunten en el Centro de Informaci\u00f3n).<\/p>\t\t\t\t\t\t\t\t<\/div>\n\t\t\t\t<\/div>\n\t\t\t\t<div class=\"elementor-element elementor-element-3a112251 elementor-widget elementor-widget-text-editor\" data-id=\"3a112251\" data-element_type=\"widget\" data-widget_type=\"text-editor.default\">\n\t\t\t\t<div class=\"elementor-widget-container\">\n\t\t\t\t\t\t\t\t\t<h3 class=\"field-label field-duree\">Duraci\u00f3n<\/h3><p class=\"field-duree\">1h \/ 1h30, seg\u00fan el n\u00famero de participantes.<\/p>\t\t\t\t\t\t\t\t<\/div>\n\t\t\t\t<\/div>\n\t\t\t\t<div class=\"elementor-element elementor-element-11387ec elementor-widget elementor-widget-text-editor\" data-id=\"11387ec\" data-element_type=\"widget\" data-widget_type=\"text-editor.default\">\n\t\t\t\t<div class=\"elementor-widget-container\">\n\t\t\t\t\t\t\t\t\t<h3 class=\"field-label field-lieu\">Lugar<\/h3><p class=\"field-lieu\">Cita en el podio de la pradera cuando hace buen tiempo. Cuando el clima es malo directamente en la Bas\u00edlica de San P\u00edo X.<\/p>\t\t\t\t\t\t\t\t<\/div>\n\t\t\t\t<\/div>\n\t\t\t\t<div class=\"elementor-element elementor-element-fc81e4f elementor-widget elementor-widget-text-editor\" data-id=\"fc81e4f\" data-element_type=\"widget\" data-widget_type=\"text-editor.default\">\n\t\t\t\t<div class=\"elementor-widget-container\">\n\t\t\t\t\t\t\t\t\t<h3 class=\"field-label field-quand\">Cu\u00e1ndo<\/h3><p class=\"field-quand\">Todos los d\u00edas durante la temporada a las cinco de la tarde (Desde Semana Santa hasta Todos los Santos).<\/p>\t\t\t\t\t\t\t\t<\/div>\n\t\t\t\t<\/div>\n\t\t\t\t<div class=\"elementor-element elementor-element-d76f8f3 elementor-widget elementor-widget-text-editor\" data-id=\"d76f8f3\" data-element_type=\"widget\" data-widget_type=\"text-editor.default\">\n\t\t\t\t<div class=\"elementor-widget-container\">\n\t\t\t\t\t\t\t\t\t<h3 class=\"orange\">\u00bfNecesita un consejo?<\/h3><p><span style=\"color: #e8a702;\"><strong>Centro de informaci\u00f3n del Santuario<\/strong><\/span><br \/><span class=\"tel\">+33 (0)5 62 42 20 08<\/span><\/p>\t\t\t\t\t\t\t\t<\/div>\n\t\t\t\t<\/div>\n\t\t\t\t<div class=\"elementor-element elementor-element-4d3e2eac elementor-widget elementor-widget-video\" data-id=\"4d3e2eac\" data-element_type=\"widget\" data-settings=\"{&quot;youtube_url&quot;:&quot;https:\\\/\\\/youtu.be\\\/2QuNwSYAD4A&quot;,&quot;video_type&quot;:&quot;youtube&quot;,&quot;controls&quot;:&quot;yes&quot;}\" data-widget_type=\"video.default\">\n\t\t\t\t<div class=\"elementor-widget-container\">\n\t\t\t\t\t\t\t<div class=\"elementor-wrapper elementor-open-inline\">\n\t\t\t<div class=\"elementor-video\"><\/div>\t\t<\/div>\n\t\t\t\t\t\t<\/div>\n\t\t\t\t<\/div>\n\t\t\t\t\t<\/div>\n\t\t<\/div>\n\t\t\t\t\t<\/div>\n\t\t<\/section>\n\t\t\t\t<\/div>\n\t\t","protected":false},"excerpt":{"rendered":"<p>\u00abVaya a decir a los sacerdotes que se construya aqu\u00ed una capilla y que se venga en procesi\u00f3n\u00bb, dijo la Virgen Mar\u00eda a Bernardita Soubirous durante una de las apariciones. Todos los d\u00edas a las cinco de la tarde, de &hellip; <a href=\"https:\/\/www.lourdes-france.org\/es\/seguir-procesion-eucaristica\/\">Continuar<\/a><\/p>\n","protected":false},"author":7,"featured_media":0,"parent":0,"menu_order":0,"comment_status":"closed","ping_status":"closed","template":"","meta":{"_acf_changed":false,"footnotes":""},"class_list":["post-10741","page","type-page","status-publish","hentry"],"acf":[],"yoast_head":"<!-- This site is optimized with the Yoast SEO plugin v24.7 - https:\/\/yoast.com\/wordpress\/plugins\/seo\/ -->\n<title>Seguir la procesi\u00f3n eucar\u00edstica<\/title>\n<meta name=\"robots\" content=\"index, follow, max-snippet:-1, max-image-preview:large, max-video-preview:-1\" \/>\n<link rel=\"canonical\" href=\"https:\/\/www.lourdes-france.org\/es\/seguir-procesion-eucaristica\/\" \/>\n<meta name=\"twitter:label1\" content=\"Tiempo de lectura\" \/>\n\t<meta name=\"twitter:data1\" content=\"2 minutos\" \/>\n<script type=\"application\/ld+json\" class=\"yoast-schema-graph\">{\"@context\":\"https:\/\/schema.org\",\"@graph\":[{\"@type\":\"WebPage\",\"@id\":\"https:\/\/www.lourdes-france.org\/es\/seguir-procesion-eucaristica\/\",\"url\":\"https:\/\/www.lourdes-france.org\/es\/seguir-procesion-eucaristica\/\",\"name\":\"Seguir la procesi\u00f3n eucar\u00edstica\",\"isPartOf\":{\"@id\":\"https:\/\/preprod-lourdes.cawita.com\/#website\"},\"datePublished\":\"2018-07-18T14:51:45+00:00\",\"dateModified\":\"2021-03-02T15:09:35+00:00\",\"breadcrumb\":{\"@id\":\"https:\/\/www.lourdes-france.org\/es\/seguir-procesion-eucaristica\/#breadcrumb\"},\"inLanguage\":\"es\",\"potentialAction\":[{\"@type\":\"ReadAction\",\"target\":[\"https:\/\/www.lourdes-france.org\/es\/seguir-procesion-eucaristica\/\"]}]},{\"@type\":\"BreadcrumbList\",\"@id\":\"https:\/\/www.lourdes-france.org\/es\/seguir-procesion-eucaristica\/#breadcrumb\",\"itemListElement\":[{\"@type\":\"ListItem\",\"position\":1,\"name\":\"Accueil\",\"item\":\"https:\/\/www.lourdes-france.org\/\"},{\"@type\":\"ListItem\",\"position\":2,\"name\":\"Seguir la procesi\u00f3n eucar\u00edstica\"}]},{\"@type\":\"WebSite\",\"@id\":\"https:\/\/preprod-lourdes.cawita.com\/#website\",\"url\":\"https:\/\/preprod-lourdes.cawita.com\/\",\"name\":\"Soutenir le Sanctuaire Notre-Dame de Lourdes\",\"description\":\"\",\"potentialAction\":[{\"@type\":\"SearchAction\",\"target\":{\"@type\":\"EntryPoint\",\"urlTemplate\":\"https:\/\/preprod-lourdes.cawita.com\/?s={search_term_string}\"},\"query-input\":{\"@type\":\"PropertyValueSpecification\",\"valueRequired\":true,\"valueName\":\"search_term_string\"}}],\"inLanguage\":\"es\"}]}<\/script>\n<!-- \/ Yoast SEO plugin. -->","yoast_head_json":{"title":"Seguir la procesi\u00f3n eucar\u00edstica","robots":{"index":"index","follow":"follow","max-snippet":"max-snippet:-1","max-image-preview":"max-image-preview:large","max-video-preview":"max-video-preview:-1"},"canonical":"https:\/\/www.lourdes-france.org\/es\/seguir-procesion-eucaristica\/","twitter_misc":{"Tiempo de lectura":"2 minutos"},"schema":{"@context":"https:\/\/schema.org","@graph":[{"@type":"WebPage","@id":"https:\/\/www.lourdes-france.org\/es\/seguir-procesion-eucaristica\/","url":"https:\/\/www.lourdes-france.org\/es\/seguir-procesion-eucaristica\/","name":"Seguir la procesi\u00f3n eucar\u00edstica","isPartOf":{"@id":"https:\/\/preprod-lourdes.cawita.com\/#website"},"datePublished":"2018-07-18T14:51:45+00:00","dateModified":"2021-03-02T15:09:35+00:00","breadcrumb":{"@id":"https:\/\/www.lourdes-france.org\/es\/seguir-procesion-eucaristica\/#breadcrumb"},"inLanguage":"es","potentialAction":[{"@type":"ReadAction","target":["https:\/\/www.lourdes-france.org\/es\/seguir-procesion-eucaristica\/"]}]},{"@type":"BreadcrumbList","@id":"https:\/\/www.lourdes-france.org\/es\/seguir-procesion-eucaristica\/#breadcrumb","itemListElement":[{"@type":"ListItem","position":1,"name":"Accueil","item":"https:\/\/www.lourdes-france.org\/"},{"@type":"ListItem","position":2,"name":"Seguir la procesi\u00f3n eucar\u00edstica"}]},{"@type":"WebSite","@id":"https:\/\/preprod-lourdes.cawita.com\/#website","url":"https:\/\/preprod-lourdes.cawita.com\/","name":"Soutenir le Sanctuaire Notre-Dame de Lourdes","description":"","potentialAction":[{"@type":"SearchAction","target":{"@type":"EntryPoint","urlTemplate":"https:\/\/preprod-lourdes.cawita.com\/?s={search_term_string}"},"query-input":{"@type":"PropertyValueSpecification","valueRequired":true,"valueName":"search_term_string"}}],"inLanguage":"es"}]}},"_links":{"self":[{"href":"https:\/\/www.lourdes-france.org\/es\/wp-json\/wp\/v2\/pages\/10741","targetHints":{"allow":["GET"]}}],"collection":[{"href":"https:\/\/www.lourdes-france.org\/es\/wp-json\/wp\/v2\/pages"}],"about":[{"href":"https:\/\/www.lourdes-france.org\/es\/wp-json\/wp\/v2\/types\/page"}],"author":[{"embeddable":true,"href":"https:\/\/www.lourdes-france.org\/es\/wp-json\/wp\/v2\/users\/7"}],"replies":[{"embeddable":true,"href":"https:\/\/www.lourdes-france.org\/es\/wp-json\/wp\/v2\/comments?post=10741"}],"version-history":[{"count":7,"href":"https:\/\/www.lourdes-france.org\/es\/wp-json\/wp\/v2\/pages\/10741\/revisions"}],"predecessor-version":[{"id":226633,"href":"https:\/\/www.lourdes-france.org\/es\/wp-json\/wp\/v2\/pages\/10741\/revisions\/226633"}],"wp:attachment":[{"href":"https:\/\/www.lourdes-france.org\/es\/wp-json\/wp\/v2\/media?parent=10741"}],"curies":[{"name":"wp","href":"https:\/\/api.w.org\/{rel}","templated":true}]}}

Seguir la procesión eucarística

<div data-elementor-type="wp-post" data-elementor-id="10741" class="elementor elementor-10741 elementor-665 elementor-bc-flex-widget" data-elementor-post-type="page">
						<section class="elementor-section elementor-top-section elementor-element elementor-element-3c85477b elementor-section-boxed elementor-section-height-default elementor-section-height-default" data-id="3c85477b" data-element_type="section">
						<div class="elementor-container elementor-column-gap-no">
					<div class="elementor-column elementor-col-100 elementor-top-column elementor-element elementor-element-1949f2c3" data-id="1949f2c3" data-element_type="column">
			<div class="elementor-widget-wrap elementor-element-populated">
						<div class="elementor-element elementor-element-f942b7c elementor-widget elementor-widget-text-editor" data-id="f942b7c" data-element_type="widget" data-widget_type="text-editor.default">
				<div class="elementor-widget-container">
									<p>«<em>Vaya a decir a los sacerdotes que se construya aquí una capilla y que se venga en procesión</em>», dijo la Virgen María a Bernardita Soubirous durante una de las apariciones. Todos los días a las cinco de la tarde, de abril a octubre, los peregrinos de Lourdes responden a la petición de la Virgen María reuniéndose para participar en la procesión llamada «<em>eucarística</em>». La procesión comienza en la pradera del Santuario y termina en la basílica de San Pío X con un tiempo de adoración del Santísimo Sacramento seguido de la bendición de los peregrinos, poniendo en las primeras plazas a los enfermos. En la historia de Lourdes numerosas curaciones han tenido lugar en el momento de la bendición de los enfermos. </p>								</div>
				</div>
				<div class="elementor-element elementor-element-d9c9055 elementor-widget elementor-widget-text-editor" data-id="d9c9055" data-element_type="widget" data-widget_type="text-editor.default">
				<div class="elementor-widget-container">
									<p>La procesión eucarística data de 1874. Ha tomado diferentes formas según los tiempos. Cuando hace mucho calor o mal tiempo se reemplaza la procesión por las «alabanzas eucarísticas».</p>								</div>
				</div>
				<div class="elementor-element elementor-element-5fade511 elementor-widget elementor-widget-text-editor" data-id="5fade511" data-element_type="widget" data-widget_type="text-editor.default">
				<div class="elementor-widget-container">
									<p>NB: Si quieren participar en la coral de la procesión, por favor vayan a la Basílica de San Pío X, cerca del órgano, a partir de las 16:15.</p>								</div>
				</div>
				<div class="elementor-element elementor-element-1e023abc elementor-widget elementor-widget-text-editor" data-id="1e023abc" data-element_type="widget" data-widget_type="text-editor.default">
				<div class="elementor-widget-container">
									<p><span style="color: #e8a700;">¿Lo sabían?</span> Pueden preparar su participación en la procesión adorando al Santísimo Sacramento en una de las capilla del Santuario (Pregunten en el Centro de Información).</p>								</div>
				</div>
				<div class="elementor-element elementor-element-3a112251 elementor-widget elementor-widget-text-editor" data-id="3a112251" data-element_type="widget" data-widget_type="text-editor.default">
				<div class="elementor-widget-container">
									<h3 class="field-label field-duree">Duración</h3><p class="field-duree">1h / 1h30, según el número de participantes.</p>								</div>
				</div>
				<div class="elementor-element elementor-element-11387ec elementor-widget elementor-widget-text-editor" data-id="11387ec" data-element_type="widget" data-widget_type="text-editor.default">
				<div class="elementor-widget-container">
									<h3 class="field-label field-lieu">Lugar</h3><p class="field-lieu">Cita en el podio de la pradera cuando hace buen tiempo. Cuando el clima es malo directamente en la Basílica de San Pío X.</p>								</div>
				</div>
				<div class="elementor-element elementor-element-fc81e4f elementor-widget elementor-widget-text-editor" data-id="fc81e4f" data-element_type="widget" data-widget_type="text-editor.default">
				<div class="elementor-widget-container">
									<h3 class="field-label field-quand">Cuándo</h3><p class="field-quand">Todos los días durante la temporada a las cinco de la tarde (Desde Semana Santa hasta Todos los Santos).</p>								</div>
				</div>
				<div class="elementor-element elementor-element-d76f8f3 elementor-widget elementor-widget-text-editor" data-id="d76f8f3" data-element_type="widget" data-widget_type="text-editor.default">
				<div class="elementor-widget-container">
									<h3 class="orange">¿Necesita un consejo?</h3><p><span style="color: #e8a702;"><strong>Centro de información del Santuario</strong></span><br /><span class="tel">+33 (0)5 62 42 20 08</span></p>								</div>
				</div>
				<div class="elementor-element elementor-element-4d3e2eac elementor-widget elementor-widget-video" data-id="4d3e2eac" data-element_type="widget" data-settings="{&quot;youtube_url&quot;:&quot;https:\/\/youtu.be\/2QuNwSYAD4A&quot;,&quot;video_type&quot;:&quot;youtube&quot;,&quot;controls&quot;:&quot;yes&quot;}" data-widget_type="video.default">
				<div class="elementor-widget-container">
							<div class="elementor-wrapper elementor-open-inline">
			<div class="elementor-video"></div>		</div>
						</div>
				</div>
					</div>
		</div>
					</div>
		</section>
				</div>

<p>«Vaya a decir a los sacerdotes que se construya aquí una capilla y que se venga en procesión», dijo la Virgen María a Bernardita Soubirous durante una de las apariciones. Todos los días a las cinco de la tarde, de &hellip; <a href="https://www.lourdes-france.org/es/seguir-procesion-eucaristica/">Continuar</a></p>

<!-- This site is optimized with the Yoast SEO plugin v24.7 - https://yoast.com/wordpress/plugins/seo/ -->
<title>Seguir la procesión eucarística</title>
<meta name="robots" content="index, follow, max-snippet:-1, max-image-preview:large, max-video-preview:-1" />
<link rel="canonical" href="https://www.lourdes-france.org/es/seguir-procesion-eucaristica/" />
<meta name="twitter:label1" content="Tiempo de lectura" />
	<meta name="twitter:data1" content="2 minutos" />
<script type="application/ld+json" class="yoast-schema-graph">{"@context":"https://schema.org","@graph":[{"@type":"WebPage","@id":"https://www.lourdes-france.org/es/seguir-procesion-eucaristica/","url":"https://www.lourdes-france.org/es/seguir-procesion-eucaristica/","name":"Seguir la procesión eucarística","isPartOf":{"@id":"https://preprod-lourdes.cawita.com/#website"},"datePublished":"2018-07-18T14:51:45+00:00","dateModified":"2021-03-02T15:09:35+00:00","breadcrumb":{"@id":"https://www.lourdes-france.org/es/seguir-procesion-eucaristica/#breadcrumb"},"inLanguage":"es","potentialAction":[{"@type":"ReadAction","target":["https://www.lourdes-france.org/es/seguir-procesion-eucaristica/"]}]},{"@type":"BreadcrumbList","@id":"https://www.lourdes-france.org/es/seguir-procesion-eucaristica/#breadcrumb","itemListElement":[{"@type":"ListItem","position":1,"name":"Accueil","item":"https://www.lourdes-france.org/"},{"@type":"ListItem","position":2,"name":"Seguir la procesión eucarística"}]},{"@type":"WebSite","@id":"https://preprod-lourdes.cawita.com/#website","url":"https://preprod-lourdes.cawita.com/","name":"Soutenir le Sanctuaire Notre-Dame de Lourdes","description":"","potentialAction":[{"@type":"SearchAction","target":{"@type":"EntryPoint","urlTemplate":"https://preprod-lourdes.cawita.com/?s={search_term_string}"},"query-input":{"@type":"PropertyValueSpecification","valueRequired":true,"valueName":"search_term_string"}}],"inLanguage":"es"}]}</script>
<!-- / Yoast SEO plugin. -->
