{"id":10879,"date":"2018-07-18T11:20:45","date_gmt":"2018-07-18T09:20:45","guid":{"rendered":"https:\/\/www.lourdes-france.org\/participer-procession-mariale\/"},"modified":"2021-03-02T16:08:52","modified_gmt":"2021-03-02T15:08:52","slug":"participar-procesion-mariana","status":"publish","type":"page","link":"https:\/\/www.lourdes-france.org\/es\/participar-procesion-mariana\/","title":{"rendered":"Participar en la procesi\u00f3n mariana"},"content":{"rendered":"\t\t<div data-elementor-type=\"wp-post\" data-elementor-id=\"10879\" class=\"elementor elementor-10879 elementor-577 elementor-bc-flex-widget\" data-elementor-post-type=\"page\">\n\t\t\t\t\t\t<section class=\"elementor-section elementor-top-section elementor-element elementor-element-434ea43 elementor-section-boxed elementor-section-height-default elementor-section-height-default\" data-id=\"434ea43\" data-element_type=\"section\">\n\t\t\t\t\t\t<div class=\"elementor-container elementor-column-gap-no\">\n\t\t\t\t\t<div class=\"elementor-column elementor-col-100 elementor-top-column elementor-element elementor-element-7fe9323\" data-id=\"7fe9323\" data-element_type=\"column\">\n\t\t\t<div class=\"elementor-widget-wrap elementor-element-populated\">\n\t\t\t\t\t\t<div class=\"elementor-element elementor-element-5ba31c6 elementor-widget elementor-widget-text-editor\" data-id=\"5ba31c6\" data-element_type=\"widget\" data-widget_type=\"text-editor.default\">\n\t\t\t\t<div class=\"elementor-widget-container\">\n\t\t\t\t\t\t\t\t\t<p class=\"exergue\">El 14 de agosto de 1983, el papa Juan Pablo II, al final de la procesi\u00f3n de por la tarde dijo: &#171;En esta noche apacible, velamos. Rezamos. Ya no cada uno en el secreto, sino como pueblo inmenso en marcha siguiendo a Jesucristo resucitado, alumbr\u00e1ndonos unos a otros, llev\u00e1ndonos unos a otros.&#187;<\/p>\t\t\t\t\t\t\t\t<\/div>\n\t\t\t\t<\/div>\n\t\t\t\t<div class=\"elementor-element elementor-element-9d0cb75 elementor-widget elementor-widget-text-editor\" data-id=\"9d0cb75\" data-element_type=\"widget\" data-widget_type=\"text-editor.default\">\n\t\t\t\t<div class=\"elementor-widget-container\">\n\t\t\t\t\t\t\t\t\t<p>No deje de participar en la procesi\u00f3n de la tarde, tambi\u00e9n llamada &#171;retiro de las antorchas&#187;. Desde el 18 de febrero de 1858, d\u00eda de la tercera aparici\u00f3n, una de las personas que acompa\u00f1aban a Bernardita hab\u00eda aportado una vela. M\u00e1s tarde, la misma Bernardita llegaba con una vela. La famosa procesi\u00f3n de las antorchas de Lourdes, cuya imagen es conocida en el mundo entero, fue introducida en Lourdes en 1863 por el P. Marie-Antoine, el capuchino apodado &#171;el santo de Toulouse.&#187; La procesi\u00f3n mariana es el momento m\u00e1s popular de Lourdes. Los peregrinos se re\u00fanen en torno a sus estandartes. Todas las personas enfermas que pueden tambi\u00e9n desean estar presentes. Puede llevar en la mano una vela con una lamparilla en la que pueden leer el tradicional c\u00e1ntico de Lourdes que cuenta la historia de las apariciones.<\/p>\t\t\t\t\t\t\t\t<\/div>\n\t\t\t\t<\/div>\n\t\t\t\t<div class=\"elementor-element elementor-element-9be8f29 elementor-widget elementor-widget-text-editor\" data-id=\"9be8f29\" data-element_type=\"widget\" data-widget_type=\"text-editor.default\">\n\t\t\t\t<div class=\"elementor-widget-container\">\n\t\t\t\t\t\t\t\t\t<p>Durante la procesi\u00f3n los peregrinos recitan el rosario. Seg\u00fan el d\u00eda se recitan los misterios gozosos, luminosos, dolorosos o gloriosos del Rosario. Al principio de cada decena se repiten dos frases en cada lengua para centrar la oraci\u00f3n, para que no sea un recital mec\u00e1nico. En cuanto a las canciones o los Avemar\u00edas, se escuchan en varios idiomas. En la tranquilidad de la tarde, cada uno lleva sus intenciones particulares, pero la oraci\u00f3n tambi\u00e9n re\u00fane a esa muchedumbre &#171;de todas las naciones, pueblos y lenguas&#187;, en una asamblea de oraci\u00f3n, con la Virgen Mar\u00eda, como los disc\u00edpulos en el Cen\u00e1culo despu\u00e9s de la Ascensi\u00f3n de Cristo. Cualquiera que sea la meteorolog\u00eda, siempre se efect\u00faa la procesi\u00f3n: el peregrino de Lourdes es sufrido y sabe que es prudente llevarse un paraguas.<\/p>\t\t\t\t\t\t\t\t<\/div>\n\t\t\t\t<\/div>\n\t\t\t\t<div class=\"elementor-element elementor-element-eb9ebc2 elementor-widget elementor-widget-text-editor\" data-id=\"eb9ebc2\" data-element_type=\"widget\" data-widget_type=\"text-editor.default\">\n\t\t\t\t<div class=\"elementor-widget-container\">\n\t\t\t\t\t\t\t\t\t<p><span style=\"color: #e8a700;\">\u00bfLo sab\u00edan? <\/span>Desde abril hasta octubre, y en invierno durante las fiestas marianas como el 8 de diciembre y el 11 de febrero, el Santuario organiza cada a\u00f1o unas 200 procesiones de las antorchas.<\/p>\t\t\t\t\t\t\t\t<\/div>\n\t\t\t\t<\/div>\n\t\t\t\t<div class=\"elementor-element elementor-element-7cc715f elementor-widget elementor-widget-text-editor\" data-id=\"7cc715f\" data-element_type=\"widget\" data-widget_type=\"text-editor.default\">\n\t\t\t\t<div class=\"elementor-widget-container\">\n\t\t\t\t\t\t\t\t\t<p><span style=\"color: #e8a700;\">\u00bfLo sab\u00edan? <\/span>Los responsables de las velas vigilan desde los or\u00edgenes del Santuario la quema de los cirios. En el silencio de la oraci\u00f3n, de d\u00eda y de noche, se consumen despacio los millares de cirios depositados por los peregrinos. Estos hombres abnegados, se relevan d\u00eda y noche. Se queman, cada a\u00f1o, m\u00e1s de 400 toneladas de cera por t\u00e9rmino medio. Los cirios pueden pesar entre 130 g para los m\u00e1s corrientes, hasta unos 70 kg. Ciertos miembros del equipo tienen por misi\u00f3n ocuparse del candelabro de la Gruta compuesto por 90 velas alrededor de un cirio central en su cima.<\/p>\t\t\t\t\t\t\t\t<\/div>\n\t\t\t\t<\/div>\n\t\t\t\t<div class=\"elementor-element elementor-element-e340398 elementor-widget elementor-widget-text-editor\" data-id=\"e340398\" data-element_type=\"widget\" data-widget_type=\"text-editor.default\">\n\t\t\t\t<div class=\"elementor-widget-container\">\n\t\t\t\t\t\t\t\t\t<h3 class=\"field-label field-duree\">Duraci\u00f3n<\/h3><p class=\"field-duree\">1 h. \/ 1:30, seg\u00fan la afluencia.<\/p>\t\t\t\t\t\t\t\t<\/div>\n\t\t\t\t<\/div>\n\t\t\t\t<div class=\"elementor-element elementor-element-2ef8bf3 elementor-widget elementor-widget-text-editor\" data-id=\"2ef8bf3\" data-element_type=\"widget\" data-widget_type=\"text-editor.default\">\n\t\t\t\t<div class=\"elementor-widget-container\">\n\t\t\t\t\t\t\t\t\t<h3 class=\"field-label field-lieu\">Lugar<\/h3><p class=\"field-lieu\">Explanada y atrio del Rosario<\/p>\t\t\t\t\t\t\t\t<\/div>\n\t\t\t\t<\/div>\n\t\t\t\t<div class=\"elementor-element elementor-element-8436eeb elementor-widget elementor-widget-text-editor\" data-id=\"8436eeb\" data-element_type=\"widget\" data-widget_type=\"text-editor.default\">\n\t\t\t\t<div class=\"elementor-widget-container\">\n\t\t\t\t\t\t\t\t\t<h3 class=\"field-label field-quand\">Cu\u00e1ndo<\/h3><p class=\"field-quand\">Todos los d\u00edas a las 21:00 (entre Pascua y octubre)<\/p>\t\t\t\t\t\t\t\t<\/div>\n\t\t\t\t<\/div>\n\t\t\t\t<div class=\"elementor-element elementor-element-130ad3e elementor-widget elementor-widget-text-editor\" data-id=\"130ad3e\" data-element_type=\"widget\" data-widget_type=\"text-editor.default\">\n\t\t\t\t<div class=\"elementor-widget-container\">\n\t\t\t\t\t\t\t\t\t<h3 class=\"orange\">Necesidad de un consejo?<\/h3><p><span style=\"color: #e8a702;\"><strong>Centro de informaci\u00f3n del Santuario<\/strong><\/span><br \/><span class=\"tel\">+33 (0)5 62 42 20 08<\/span><\/p>\t\t\t\t\t\t\t\t<\/div>\n\t\t\t\t<\/div>\n\t\t\t\t<div class=\"elementor-element elementor-element-accd8d3 elementor-widget elementor-widget-video\" data-id=\"accd8d3\" data-element_type=\"widget\" data-settings=\"{&quot;youtube_url&quot;:&quot;https:\\\/\\\/youtu.be\\\/2QuNwSYAD4A&quot;,&quot;video_type&quot;:&quot;youtube&quot;,&quot;controls&quot;:&quot;yes&quot;}\" data-widget_type=\"video.default\">\n\t\t\t\t<div class=\"elementor-widget-container\">\n\t\t\t\t\t\t\t<div class=\"elementor-wrapper elementor-open-inline\">\n\t\t\t<div class=\"elementor-video\"><\/div>\t\t<\/div>\n\t\t\t\t\t\t<\/div>\n\t\t\t\t<\/div>\n\t\t\t\t\t<\/div>\n\t\t<\/div>\n\t\t\t\t\t<\/div>\n\t\t<\/section>\n\t\t\t\t<\/div>\n\t\t","protected":false},"excerpt":{"rendered":"<p>El 14 de agosto de 1983, el papa Juan Pablo II, al final de la procesi\u00f3n de por la tarde dijo: &#171;En esta noche apacible, velamos. Rezamos. Ya no cada uno en el secreto, sino como pueblo inmenso en marcha &hellip; <a href=\"https:\/\/www.lourdes-france.org\/es\/participar-procesion-mariana\/\">Continuar<\/a><\/p>\n","protected":false},"author":7,"featured_media":0,"parent":0,"menu_order":0,"comment_status":"closed","ping_status":"closed","template":"","meta":{"_acf_changed":false,"footnotes":""},"class_list":["post-10879","page","type-page","status-publish","hentry"],"acf":[],"yoast_head":"<!-- This site is optimized with the Yoast SEO plugin v24.7 - https:\/\/yoast.com\/wordpress\/plugins\/seo\/ -->\n<title>Participar en la procesi\u00f3n mariana<\/title>\n<meta name=\"robots\" content=\"index, follow, max-snippet:-1, max-image-preview:large, max-video-preview:-1\" \/>\n<link rel=\"canonical\" href=\"https:\/\/www.lourdes-france.org\/es\/participar-procesion-mariana\/\" \/>\n<meta name=\"twitter:label1\" content=\"Tiempo de lectura\" \/>\n\t<meta name=\"twitter:data1\" content=\"3 minutos\" \/>\n<script type=\"application\/ld+json\" class=\"yoast-schema-graph\">{\"@context\":\"https:\/\/schema.org\",\"@graph\":[{\"@type\":\"WebPage\",\"@id\":\"https:\/\/www.lourdes-france.org\/es\/participar-procesion-mariana\/\",\"url\":\"https:\/\/www.lourdes-france.org\/es\/participar-procesion-mariana\/\",\"name\":\"Participar en la procesi\u00f3n mariana\",\"isPartOf\":{\"@id\":\"https:\/\/preprod-lourdes.cawita.com\/#website\"},\"datePublished\":\"2018-07-18T09:20:45+00:00\",\"dateModified\":\"2021-03-02T15:08:52+00:00\",\"breadcrumb\":{\"@id\":\"https:\/\/www.lourdes-france.org\/es\/participar-procesion-mariana\/#breadcrumb\"},\"inLanguage\":\"es\",\"potentialAction\":[{\"@type\":\"ReadAction\",\"target\":[\"https:\/\/www.lourdes-france.org\/es\/participar-procesion-mariana\/\"]}]},{\"@type\":\"BreadcrumbList\",\"@id\":\"https:\/\/www.lourdes-france.org\/es\/participar-procesion-mariana\/#breadcrumb\",\"itemListElement\":[{\"@type\":\"ListItem\",\"position\":1,\"name\":\"Accueil\",\"item\":\"https:\/\/www.lourdes-france.org\/\"},{\"@type\":\"ListItem\",\"position\":2,\"name\":\"Participar en la procesi\u00f3n mariana\"}]},{\"@type\":\"WebSite\",\"@id\":\"https:\/\/preprod-lourdes.cawita.com\/#website\",\"url\":\"https:\/\/preprod-lourdes.cawita.com\/\",\"name\":\"Soutenir le Sanctuaire Notre-Dame de Lourdes\",\"description\":\"\",\"potentialAction\":[{\"@type\":\"SearchAction\",\"target\":{\"@type\":\"EntryPoint\",\"urlTemplate\":\"https:\/\/preprod-lourdes.cawita.com\/?s={search_term_string}\"},\"query-input\":{\"@type\":\"PropertyValueSpecification\",\"valueRequired\":true,\"valueName\":\"search_term_string\"}}],\"inLanguage\":\"es\"}]}<\/script>\n<!-- \/ Yoast SEO plugin. -->","yoast_head_json":{"title":"Participar en la procesi\u00f3n mariana","robots":{"index":"index","follow":"follow","max-snippet":"max-snippet:-1","max-image-preview":"max-image-preview:large","max-video-preview":"max-video-preview:-1"},"canonical":"https:\/\/www.lourdes-france.org\/es\/participar-procesion-mariana\/","twitter_misc":{"Tiempo de lectura":"3 minutos"},"schema":{"@context":"https:\/\/schema.org","@graph":[{"@type":"WebPage","@id":"https:\/\/www.lourdes-france.org\/es\/participar-procesion-mariana\/","url":"https:\/\/www.lourdes-france.org\/es\/participar-procesion-mariana\/","name":"Participar en la procesi\u00f3n mariana","isPartOf":{"@id":"https:\/\/preprod-lourdes.cawita.com\/#website"},"datePublished":"2018-07-18T09:20:45+00:00","dateModified":"2021-03-02T15:08:52+00:00","breadcrumb":{"@id":"https:\/\/www.lourdes-france.org\/es\/participar-procesion-mariana\/#breadcrumb"},"inLanguage":"es","potentialAction":[{"@type":"ReadAction","target":["https:\/\/www.lourdes-france.org\/es\/participar-procesion-mariana\/"]}]},{"@type":"BreadcrumbList","@id":"https:\/\/www.lourdes-france.org\/es\/participar-procesion-mariana\/#breadcrumb","itemListElement":[{"@type":"ListItem","position":1,"name":"Accueil","item":"https:\/\/www.lourdes-france.org\/"},{"@type":"ListItem","position":2,"name":"Participar en la procesi\u00f3n mariana"}]},{"@type":"WebSite","@id":"https:\/\/preprod-lourdes.cawita.com\/#website","url":"https:\/\/preprod-lourdes.cawita.com\/","name":"Soutenir le Sanctuaire Notre-Dame de Lourdes","description":"","potentialAction":[{"@type":"SearchAction","target":{"@type":"EntryPoint","urlTemplate":"https:\/\/preprod-lourdes.cawita.com\/?s={search_term_string}"},"query-input":{"@type":"PropertyValueSpecification","valueRequired":true,"valueName":"search_term_string"}}],"inLanguage":"es"}]}},"_links":{"self":[{"href":"https:\/\/www.lourdes-france.org\/es\/wp-json\/wp\/v2\/pages\/10879","targetHints":{"allow":["GET"]}}],"collection":[{"href":"https:\/\/www.lourdes-france.org\/es\/wp-json\/wp\/v2\/pages"}],"about":[{"href":"https:\/\/www.lourdes-france.org\/es\/wp-json\/wp\/v2\/types\/page"}],"author":[{"embeddable":true,"href":"https:\/\/www.lourdes-france.org\/es\/wp-json\/wp\/v2\/users\/7"}],"replies":[{"embeddable":true,"href":"https:\/\/www.lourdes-france.org\/es\/wp-json\/wp\/v2\/comments?post=10879"}],"version-history":[{"count":4,"href":"https:\/\/www.lourdes-france.org\/es\/wp-json\/wp\/v2\/pages\/10879\/revisions"}],"predecessor-version":[{"id":21247,"href":"https:\/\/www.lourdes-france.org\/es\/wp-json\/wp\/v2\/pages\/10879\/revisions\/21247"}],"wp:attachment":[{"href":"https:\/\/www.lourdes-france.org\/es\/wp-json\/wp\/v2\/media?parent=10879"}],"curies":[{"name":"wp","href":"https:\/\/api.w.org\/{rel}","templated":true}]}}

Participar en la procesión mariana

<div data-elementor-type="wp-post" data-elementor-id="10879" class="elementor elementor-10879 elementor-577 elementor-bc-flex-widget" data-elementor-post-type="page">
						<section class="elementor-section elementor-top-section elementor-element elementor-element-434ea43 elementor-section-boxed elementor-section-height-default elementor-section-height-default" data-id="434ea43" data-element_type="section">
						<div class="elementor-container elementor-column-gap-no">
					<div class="elementor-column elementor-col-100 elementor-top-column elementor-element elementor-element-7fe9323" data-id="7fe9323" data-element_type="column">
			<div class="elementor-widget-wrap elementor-element-populated">
						<div class="elementor-element elementor-element-5ba31c6 elementor-widget elementor-widget-text-editor" data-id="5ba31c6" data-element_type="widget" data-widget_type="text-editor.default">
				<div class="elementor-widget-container">
									<p class="exergue">El 14 de agosto de 1983, el papa Juan Pablo II, al final de la procesión de por la tarde dijo: &#171;En esta noche apacible, velamos. Rezamos. Ya no cada uno en el secreto, sino como pueblo inmenso en marcha siguiendo a Jesucristo resucitado, alumbrándonos unos a otros, llevándonos unos a otros.&#187;</p>								</div>
				</div>
				<div class="elementor-element elementor-element-9d0cb75 elementor-widget elementor-widget-text-editor" data-id="9d0cb75" data-element_type="widget" data-widget_type="text-editor.default">
				<div class="elementor-widget-container">
									<p>No deje de participar en la procesión de la tarde, también llamada &#171;retiro de las antorchas&#187;. Desde el 18 de febrero de 1858, día de la tercera aparición, una de las personas que acompañaban a Bernardita había aportado una vela. Más tarde, la misma Bernardita llegaba con una vela. La famosa procesión de las antorchas de Lourdes, cuya imagen es conocida en el mundo entero, fue introducida en Lourdes en 1863 por el P. Marie-Antoine, el capuchino apodado &#171;el santo de Toulouse.&#187; La procesión mariana es el momento más popular de Lourdes. Los peregrinos se reúnen en torno a sus estandartes. Todas las personas enfermas que pueden también desean estar presentes. Puede llevar en la mano una vela con una lamparilla en la que pueden leer el tradicional cántico de Lourdes que cuenta la historia de las apariciones.</p>								</div>
				</div>
				<div class="elementor-element elementor-element-9be8f29 elementor-widget elementor-widget-text-editor" data-id="9be8f29" data-element_type="widget" data-widget_type="text-editor.default">
				<div class="elementor-widget-container">
									<p>Durante la procesión los peregrinos recitan el rosario. Según el día se recitan los misterios gozosos, luminosos, dolorosos o gloriosos del Rosario. Al principio de cada decena se repiten dos frases en cada lengua para centrar la oración, para que no sea un recital mecánico. En cuanto a las canciones o los Avemarías, se escuchan en varios idiomas. En la tranquilidad de la tarde, cada uno lleva sus intenciones particulares, pero la oración también reúne a esa muchedumbre &#171;de todas las naciones, pueblos y lenguas&#187;, en una asamblea de oración, con la Virgen María, como los discípulos en el Cenáculo después de la Ascensión de Cristo. Cualquiera que sea la meteorología, siempre se efectúa la procesión: el peregrino de Lourdes es sufrido y sabe que es prudente llevarse un paraguas.</p>								</div>
				</div>
				<div class="elementor-element elementor-element-eb9ebc2 elementor-widget elementor-widget-text-editor" data-id="eb9ebc2" data-element_type="widget" data-widget_type="text-editor.default">
				<div class="elementor-widget-container">
									<p><span style="color: #e8a700;">¿Lo sabían? </span>Desde abril hasta octubre, y en invierno durante las fiestas marianas como el 8 de diciembre y el 11 de febrero, el Santuario organiza cada año unas 200 procesiones de las antorchas.</p>								</div>
				</div>
				<div class="elementor-element elementor-element-7cc715f elementor-widget elementor-widget-text-editor" data-id="7cc715f" data-element_type="widget" data-widget_type="text-editor.default">
				<div class="elementor-widget-container">
									<p><span style="color: #e8a700;">¿Lo sabían? </span>Los responsables de las velas vigilan desde los orígenes del Santuario la quema de los cirios. En el silencio de la oración, de día y de noche, se consumen despacio los millares de cirios depositados por los peregrinos. Estos hombres abnegados, se relevan día y noche. Se queman, cada año, más de 400 toneladas de cera por término medio. Los cirios pueden pesar entre 130 g para los más corrientes, hasta unos 70 kg. Ciertos miembros del equipo tienen por misión ocuparse del candelabro de la Gruta compuesto por 90 velas alrededor de un cirio central en su cima.</p>								</div>
				</div>
				<div class="elementor-element elementor-element-e340398 elementor-widget elementor-widget-text-editor" data-id="e340398" data-element_type="widget" data-widget_type="text-editor.default">
				<div class="elementor-widget-container">
									<h3 class="field-label field-duree">Duración</h3><p class="field-duree">1 h. / 1:30, según la afluencia.</p>								</div>
				</div>
				<div class="elementor-element elementor-element-2ef8bf3 elementor-widget elementor-widget-text-editor" data-id="2ef8bf3" data-element_type="widget" data-widget_type="text-editor.default">
				<div class="elementor-widget-container">
									<h3 class="field-label field-lieu">Lugar</h3><p class="field-lieu">Explanada y atrio del Rosario</p>								</div>
				</div>
				<div class="elementor-element elementor-element-8436eeb elementor-widget elementor-widget-text-editor" data-id="8436eeb" data-element_type="widget" data-widget_type="text-editor.default">
				<div class="elementor-widget-container">
									<h3 class="field-label field-quand">Cuándo</h3><p class="field-quand">Todos los días a las 21:00 (entre Pascua y octubre)</p>								</div>
				</div>
				<div class="elementor-element elementor-element-130ad3e elementor-widget elementor-widget-text-editor" data-id="130ad3e" data-element_type="widget" data-widget_type="text-editor.default">
				<div class="elementor-widget-container">
									<h3 class="orange">Necesidad de un consejo?</h3><p><span style="color: #e8a702;"><strong>Centro de información del Santuario</strong></span><br /><span class="tel">+33 (0)5 62 42 20 08</span></p>								</div>
				</div>
				<div class="elementor-element elementor-element-accd8d3 elementor-widget elementor-widget-video" data-id="accd8d3" data-element_type="widget" data-settings="{&quot;youtube_url&quot;:&quot;https:\/\/youtu.be\/2QuNwSYAD4A&quot;,&quot;video_type&quot;:&quot;youtube&quot;,&quot;controls&quot;:&quot;yes&quot;}" data-widget_type="video.default">
				<div class="elementor-widget-container">
							<div class="elementor-wrapper elementor-open-inline">
			<div class="elementor-video"></div>		</div>
						</div>
				</div>
					</div>
		</div>
					</div>
		</section>
				</div>

<p>El 14 de agosto de 1983, el papa Juan Pablo II, al final de la procesión de por la tarde dijo: &#171;En esta noche apacible, velamos. Rezamos. Ya no cada uno en el secreto, sino como pueblo inmenso en marcha &hellip; <a href="https://www.lourdes-france.org/es/participar-procesion-mariana/">Continuar</a></p>

<!-- This site is optimized with the Yoast SEO plugin v24.7 - https://yoast.com/wordpress/plugins/seo/ -->
<title>Participar en la procesión mariana</title>
<meta name="robots" content="index, follow, max-snippet:-1, max-image-preview:large, max-video-preview:-1" />
<link rel="canonical" href="https://www.lourdes-france.org/es/participar-procesion-mariana/" />
<meta name="twitter:label1" content="Tiempo de lectura" />
	<meta name="twitter:data1" content="3 minutos" />
<script type="application/ld+json" class="yoast-schema-graph">{"@context":"https://schema.org","@graph":[{"@type":"WebPage","@id":"https://www.lourdes-france.org/es/participar-procesion-mariana/","url":"https://www.lourdes-france.org/es/participar-procesion-mariana/","name":"Participar en la procesión mariana","isPartOf":{"@id":"https://preprod-lourdes.cawita.com/#website"},"datePublished":"2018-07-18T09:20:45+00:00","dateModified":"2021-03-02T15:08:52+00:00","breadcrumb":{"@id":"https://www.lourdes-france.org/es/participar-procesion-mariana/#breadcrumb"},"inLanguage":"es","potentialAction":[{"@type":"ReadAction","target":["https://www.lourdes-france.org/es/participar-procesion-mariana/"]}]},{"@type":"BreadcrumbList","@id":"https://www.lourdes-france.org/es/participar-procesion-mariana/#breadcrumb","itemListElement":[{"@type":"ListItem","position":1,"name":"Accueil","item":"https://www.lourdes-france.org/"},{"@type":"ListItem","position":2,"name":"Participar en la procesión mariana"}]},{"@type":"WebSite","@id":"https://preprod-lourdes.cawita.com/#website","url":"https://preprod-lourdes.cawita.com/","name":"Soutenir le Sanctuaire Notre-Dame de Lourdes","description":"","potentialAction":[{"@type":"SearchAction","target":{"@type":"EntryPoint","urlTemplate":"https://preprod-lourdes.cawita.com/?s={search_term_string}"},"query-input":{"@type":"PropertyValueSpecification","valueRequired":true,"valueName":"search_term_string"}}],"inLanguage":"es"}]}</script>
<!-- / Yoast SEO plugin. -->
