{"id":3634,"date":"2018-07-18T11:04:21","date_gmt":"2018-07-18T09:04:21","guid":{"rendered":"https:\/\/preprod.lourdes-france.org\/deposer-cierge\/"},"modified":"2021-03-02T16:06:38","modified_gmt":"2021-03-02T15:06:38","slug":"encender-vela","status":"publish","type":"page","link":"https:\/\/www.lourdes-france.org\/es\/encender-vela\/","title":{"rendered":"Encender una vela"},"content":{"rendered":"\t\t<div data-elementor-type=\"wp-post\" data-elementor-id=\"3634\" class=\"elementor elementor-3634 elementor-571 elementor-bc-flex-widget\" data-elementor-post-type=\"page\">\n\t\t\t\t\t\t<section class=\"elementor-section elementor-top-section elementor-element elementor-element-ef78439 elementor-section-boxed elementor-section-height-default elementor-section-height-default\" data-id=\"ef78439\" data-element_type=\"section\">\n\t\t\t\t\t\t<div class=\"elementor-container elementor-column-gap-no\">\n\t\t\t\t\t<div class=\"elementor-column elementor-col-100 elementor-top-column elementor-element elementor-element-2461edf5\" data-id=\"2461edf5\" data-element_type=\"column\">\n\t\t\t<div class=\"elementor-widget-wrap elementor-element-populated\">\n\t\t\t\t\t\t<div class=\"elementor-element elementor-element-27a1a654 elementor-widget elementor-widget-text-editor\" data-id=\"27a1a654\" data-element_type=\"widget\" data-widget_type=\"text-editor.default\">\n\t\t\t\t<div class=\"elementor-widget-container\">\n\t\t\t\t\t\t\t\t\t<p><span style=\"color: #e8a700;\">Durante la cuarta aparici\u00f3n&#8230; <\/span>El 19 de febrero, Bernardita llega a la Gruta por primera vez con una vela bendita. La mantiene encendida en la mano hasta el final. De ese gesto nace la costumbre de encender velas. Como ella, todos estamos invitados a encender y consumir velas en el lado derecho del r\u00edo Gave, en la capilla de las luces que es propicia a la oraci\u00f3n y al recogimiento.<\/p>\t\t\t\t\t\t\t\t<\/div>\n\t\t\t\t<\/div>\n\t\t\t\t<div class=\"elementor-element elementor-element-ef9ebb8 elementor-widget elementor-widget-text-editor\" data-id=\"ef9ebb8\" data-element_type=\"widget\" data-widget_type=\"text-editor.default\">\n\t\t\t\t<div class=\"elementor-widget-container\">\n\t\t\t\t\t\t\t\t\t<p><span style=\"color: #e8a700;\">El papa Francisco dijo&#8230;<\/span> \u201cCu\u00e1ntas obras se convierten en oscuras por falta de luz, por falta de oraci\u00f3n. Lo que mantiene, lo que da vida a la luz cristiana, lo que ilumina, es la oraci\u00f3n.\u201d<\/p>\t\t\t\t\t\t\t\t<\/div>\n\t\t\t\t<\/div>\n\t\t\t\t<div class=\"elementor-element elementor-element-65b8dec elementor-widget elementor-widget-text-editor\" data-id=\"65b8dec\" data-element_type=\"widget\" data-widget_type=\"text-editor.default\">\n\t\t\t\t<div class=\"elementor-widget-container\">\n\t\t\t\t\t\t\t\t\t<p><span style=\"color: #e8a700;\">\u00bfLo sab\u00edan?<\/span> Pueden encontrar en el Santuario expositores con velas a su disposici\u00f3n. No se venden las velas, pero se pide una \u201cofrenda aconsejada\u201d (cada uno da lo que puede). Estas ofrendas son una importante fuente de ingresos para el mantenimiento y el funcionamiento del Santuario.<\/p>\t\t\t\t\t\t\t\t<\/div>\n\t\t\t\t<\/div>\n\t\t\t\t<div class=\"elementor-element elementor-element-e69dd35 elementor-widget elementor-widget-video\" data-id=\"e69dd35\" data-element_type=\"widget\" data-settings=\"{&quot;youtube_url&quot;:&quot;https:\\\/\\\/youtu.be\\\/q1UT2njHOJc&quot;,&quot;video_type&quot;:&quot;youtube&quot;,&quot;controls&quot;:&quot;yes&quot;}\" data-widget_type=\"video.default\">\n\t\t\t\t<div class=\"elementor-widget-container\">\n\t\t\t\t\t\t\t<div class=\"elementor-wrapper elementor-open-inline\">\n\t\t\t<div class=\"elementor-video\"><\/div>\t\t<\/div>\n\t\t\t\t\t\t<\/div>\n\t\t\t\t<\/div>\n\t\t\t\t\t<\/div>\n\t\t<\/div>\n\t\t\t\t\t<\/div>\n\t\t<\/section>\n\t\t\t\t<\/div>\n\t\t","protected":false},"excerpt":{"rendered":"<p>Durante la cuarta aparici\u00f3n&#8230; El 19 de febrero, Bernardita llega a la Gruta por primera vez con una vela bendita. La mantiene encendida en la mano hasta el final. De ese gesto nace la costumbre de encender velas. Como ella, &hellip; <a href=\"https:\/\/www.lourdes-france.org\/es\/encender-vela\/\">Continuar<\/a><\/p>\n","protected":false},"author":7,"featured_media":0,"parent":0,"menu_order":0,"comment_status":"closed","ping_status":"closed","template":"","meta":{"_acf_changed":false,"footnotes":""},"class_list":["post-3634","page","type-page","status-publish","hentry"],"acf":[],"yoast_head":"<!-- This site is optimized with the Yoast SEO plugin v24.7 - https:\/\/yoast.com\/wordpress\/plugins\/seo\/ -->\n<title>Encender una vela<\/title>\n<meta name=\"robots\" content=\"index, follow, max-snippet:-1, max-image-preview:large, max-video-preview:-1\" \/>\n<link rel=\"canonical\" href=\"https:\/\/preprod-lourdes.cawita.com\/es\/encender-vela\/\" \/>\n<meta name=\"twitter:label1\" content=\"Tiempo de lectura\" \/>\n\t<meta name=\"twitter:data1\" content=\"1 minuto\" \/>\n<script type=\"application\/ld+json\" class=\"yoast-schema-graph\">{\"@context\":\"https:\/\/schema.org\",\"@graph\":[{\"@type\":\"WebPage\",\"@id\":\"https:\/\/preprod-lourdes.cawita.com\/es\/encender-vela\/\",\"url\":\"https:\/\/preprod-lourdes.cawita.com\/es\/encender-vela\/\",\"name\":\"Encender una vela\",\"isPartOf\":{\"@id\":\"https:\/\/preprod-lourdes.cawita.com\/#website\"},\"datePublished\":\"2018-07-18T09:04:21+00:00\",\"dateModified\":\"2021-03-02T15:06:38+00:00\",\"breadcrumb\":{\"@id\":\"https:\/\/preprod-lourdes.cawita.com\/es\/encender-vela\/#breadcrumb\"},\"inLanguage\":\"es\",\"potentialAction\":[{\"@type\":\"ReadAction\",\"target\":[\"https:\/\/preprod-lourdes.cawita.com\/es\/encender-vela\/\"]}]},{\"@type\":\"BreadcrumbList\",\"@id\":\"https:\/\/preprod-lourdes.cawita.com\/es\/encender-vela\/#breadcrumb\",\"itemListElement\":[{\"@type\":\"ListItem\",\"position\":1,\"name\":\"Accueil\",\"item\":\"https:\/\/www.lourdes-france.org\/\"},{\"@type\":\"ListItem\",\"position\":2,\"name\":\"Encender una vela\"}]},{\"@type\":\"WebSite\",\"@id\":\"https:\/\/preprod-lourdes.cawita.com\/#website\",\"url\":\"https:\/\/preprod-lourdes.cawita.com\/\",\"name\":\"Soutenir le Sanctuaire Notre-Dame de Lourdes\",\"description\":\"\",\"potentialAction\":[{\"@type\":\"SearchAction\",\"target\":{\"@type\":\"EntryPoint\",\"urlTemplate\":\"https:\/\/preprod-lourdes.cawita.com\/?s={search_term_string}\"},\"query-input\":{\"@type\":\"PropertyValueSpecification\",\"valueRequired\":true,\"valueName\":\"search_term_string\"}}],\"inLanguage\":\"es\"}]}<\/script>\n<!-- \/ Yoast SEO plugin. -->","yoast_head_json":{"title":"Encender una vela","robots":{"index":"index","follow":"follow","max-snippet":"max-snippet:-1","max-image-preview":"max-image-preview:large","max-video-preview":"max-video-preview:-1"},"canonical":"https:\/\/preprod-lourdes.cawita.com\/es\/encender-vela\/","twitter_misc":{"Tiempo de lectura":"1 minuto"},"schema":{"@context":"https:\/\/schema.org","@graph":[{"@type":"WebPage","@id":"https:\/\/preprod-lourdes.cawita.com\/es\/encender-vela\/","url":"https:\/\/preprod-lourdes.cawita.com\/es\/encender-vela\/","name":"Encender una vela","isPartOf":{"@id":"https:\/\/preprod-lourdes.cawita.com\/#website"},"datePublished":"2018-07-18T09:04:21+00:00","dateModified":"2021-03-02T15:06:38+00:00","breadcrumb":{"@id":"https:\/\/preprod-lourdes.cawita.com\/es\/encender-vela\/#breadcrumb"},"inLanguage":"es","potentialAction":[{"@type":"ReadAction","target":["https:\/\/preprod-lourdes.cawita.com\/es\/encender-vela\/"]}]},{"@type":"BreadcrumbList","@id":"https:\/\/preprod-lourdes.cawita.com\/es\/encender-vela\/#breadcrumb","itemListElement":[{"@type":"ListItem","position":1,"name":"Accueil","item":"https:\/\/www.lourdes-france.org\/"},{"@type":"ListItem","position":2,"name":"Encender una vela"}]},{"@type":"WebSite","@id":"https:\/\/preprod-lourdes.cawita.com\/#website","url":"https:\/\/preprod-lourdes.cawita.com\/","name":"Soutenir le Sanctuaire Notre-Dame de Lourdes","description":"","potentialAction":[{"@type":"SearchAction","target":{"@type":"EntryPoint","urlTemplate":"https:\/\/preprod-lourdes.cawita.com\/?s={search_term_string}"},"query-input":{"@type":"PropertyValueSpecification","valueRequired":true,"valueName":"search_term_string"}}],"inLanguage":"es"}]}},"_links":{"self":[{"href":"https:\/\/www.lourdes-france.org\/es\/wp-json\/wp\/v2\/pages\/3634","targetHints":{"allow":["GET"]}}],"collection":[{"href":"https:\/\/www.lourdes-france.org\/es\/wp-json\/wp\/v2\/pages"}],"about":[{"href":"https:\/\/www.lourdes-france.org\/es\/wp-json\/wp\/v2\/types\/page"}],"author":[{"embeddable":true,"href":"https:\/\/www.lourdes-france.org\/es\/wp-json\/wp\/v2\/users\/7"}],"replies":[{"embeddable":true,"href":"https:\/\/www.lourdes-france.org\/es\/wp-json\/wp\/v2\/comments?post=3634"}],"version-history":[{"count":6,"href":"https:\/\/www.lourdes-france.org\/es\/wp-json\/wp\/v2\/pages\/3634\/revisions"}],"predecessor-version":[{"id":21171,"href":"https:\/\/www.lourdes-france.org\/es\/wp-json\/wp\/v2\/pages\/3634\/revisions\/21171"}],"wp:attachment":[{"href":"https:\/\/www.lourdes-france.org\/es\/wp-json\/wp\/v2\/media?parent=3634"}],"curies":[{"name":"wp","href":"https:\/\/api.w.org\/{rel}","templated":true}]}}

<div data-elementor-type="wp-post" data-elementor-id="3634" class="elementor elementor-3634 elementor-571 elementor-bc-flex-widget" data-elementor-post-type="page">
						<section class="elementor-section elementor-top-section elementor-element elementor-element-ef78439 elementor-section-boxed elementor-section-height-default elementor-section-height-default" data-id="ef78439" data-element_type="section">
						<div class="elementor-container elementor-column-gap-no">
					<div class="elementor-column elementor-col-100 elementor-top-column elementor-element elementor-element-2461edf5" data-id="2461edf5" data-element_type="column">
			<div class="elementor-widget-wrap elementor-element-populated">
						<div class="elementor-element elementor-element-27a1a654 elementor-widget elementor-widget-text-editor" data-id="27a1a654" data-element_type="widget" data-widget_type="text-editor.default">
				<div class="elementor-widget-container">
									<p><span style="color: #e8a700;">Durante la cuarta aparición&#8230; </span>El 19 de febrero, Bernardita llega a la Gruta por primera vez con una vela bendita. La mantiene encendida en la mano hasta el final. De ese gesto nace la costumbre de encender velas. Como ella, todos estamos invitados a encender y consumir velas en el lado derecho del río Gave, en la capilla de las luces que es propicia a la oración y al recogimiento.</p>								</div>
				</div>
				<div class="elementor-element elementor-element-ef9ebb8 elementor-widget elementor-widget-text-editor" data-id="ef9ebb8" data-element_type="widget" data-widget_type="text-editor.default">
				<div class="elementor-widget-container">
									<p><span style="color: #e8a700;">El papa Francisco dijo&#8230;</span> “Cuántas obras se convierten en oscuras por falta de luz, por falta de oración. Lo que mantiene, lo que da vida a la luz cristiana, lo que ilumina, es la oración.”</p>								</div>
				</div>
				<div class="elementor-element elementor-element-65b8dec elementor-widget elementor-widget-text-editor" data-id="65b8dec" data-element_type="widget" data-widget_type="text-editor.default">
				<div class="elementor-widget-container">
									<p><span style="color: #e8a700;">¿Lo sabían?</span> Pueden encontrar en el Santuario expositores con velas a su disposición. No se venden las velas, pero se pide una “ofrenda aconsejada” (cada uno da lo que puede). Estas ofrendas son una importante fuente de ingresos para el mantenimiento y el funcionamiento del Santuario.</p>								</div>
				</div>
				<div class="elementor-element elementor-element-e69dd35 elementor-widget elementor-widget-video" data-id="e69dd35" data-element_type="widget" data-settings="{&quot;youtube_url&quot;:&quot;https:\/\/youtu.be\/q1UT2njHOJc&quot;,&quot;video_type&quot;:&quot;youtube&quot;,&quot;controls&quot;:&quot;yes&quot;}" data-widget_type="video.default">
				<div class="elementor-widget-container">
							<div class="elementor-wrapper elementor-open-inline">
			<div class="elementor-video"></div>		</div>
						</div>
				</div>
					</div>
		</div>
					</div>
		</section>
				</div>

<p>Durante la cuarta aparición&#8230; El 19 de febrero, Bernardita llega a la Gruta por primera vez con una vela bendita. La mantiene encendida en la mano hasta el final. De ese gesto nace la costumbre de encender velas. Como ella, &hellip; <a href="https://www.lourdes-france.org/es/encender-vela/">Continuar</a></p>
