{"id":10869,"date":"2018-07-18T11:20:45","date_gmt":"2018-07-18T09:20:45","guid":{"rendered":"https:\/\/www.lourdes-france.org\/participer-procession-mariale\/"},"modified":"2021-03-02T16:08:52","modified_gmt":"2021-03-02T15:08:52","slug":"processione-mariana-con-fiaccole","status":"publish","type":"page","link":"https:\/\/www.lourdes-france.org\/it\/processione-mariana-con-fiaccole\/","title":{"rendered":"Partecipare alla processione mariana"},"content":{"rendered":"\t\t<div data-elementor-type=\"wp-post\" data-elementor-id=\"10869\" class=\"elementor elementor-10869 elementor-577 elementor-bc-flex-widget\" data-elementor-post-type=\"page\">\n\t\t\t\t\t\t<section class=\"elementor-section elementor-top-section elementor-element elementor-element-434ea43 elementor-section-boxed elementor-section-height-default elementor-section-height-default\" data-id=\"434ea43\" data-element_type=\"section\">\n\t\t\t\t\t\t<div class=\"elementor-container elementor-column-gap-no\">\n\t\t\t\t\t<div class=\"elementor-column elementor-col-100 elementor-top-column elementor-element elementor-element-7fe9323\" data-id=\"7fe9323\" data-element_type=\"column\">\n\t\t\t<div class=\"elementor-widget-wrap elementor-element-populated\">\n\t\t\t\t\t\t<div class=\"elementor-element elementor-element-5ba31c6 elementor-widget elementor-widget-text-editor\" data-id=\"5ba31c6\" data-element_type=\"widget\" data-widget_type=\"text-editor.default\">\n\t\t\t\t<div class=\"elementor-widget-container\">\n\t\t\t\t\t\t\t\t\t<p>Il 14 agosto 1983, papa Giovanni Paolo II, alla fine della processione della sera, ha detto: \u201cIn questa notte tranquilla, vegliamo. Preghiamo. Non pi\u00f9 segretamente, ma come un immenso popolo in cammino al seguito di Ges\u00f9 Cristo risorto, illuminandoci reciprocamente, guidandoci a vicenda \u201d.<\/p>\t\t\t\t\t\t\t\t<\/div>\n\t\t\t\t<\/div>\n\t\t\t\t<div class=\"elementor-element elementor-element-9d0cb75 elementor-widget elementor-widget-text-editor\" data-id=\"9d0cb75\" data-element_type=\"widget\" data-widget_type=\"text-editor.default\">\n\t\t\t\t<div class=\"elementor-widget-container\">\n\t\t\t\t\t\t\t\t\t<p>Non mancate di partecipare alla processione della sera, che \u00e8 anche chiamata &#8220;fiaccolata del ritiro&#8221;. Gi\u00e0 il 18 febbraio 1858, giorno della terza apparizione, una delle due persone che accompagnarono Bernadette port\u00f2 una candela. Successivamente, Bernadette stessa si rec\u00f2 alla Grotta sempre con una candela. La famosa fiaccolata di Lourdes, la cui immagine \u00e8 conosciuta in tutto il mondo, \u00e8 stata introdotta a Lourdes nel 1863 da padre Marie-Antoine, un cappuccino soprannominato &#8220;il Santo di Tolosa&#8221;.<br \/>La processione mariana \u00e8 il momento pi\u00f9 popolare di Lourdes. I pellegrini si riuniscono intorno ai loro vessilli. Tutte le persone malate, che lo desiderano e che possono prendervi parte, ci tengono ad essere presenti.<br \/>Potrete tenere in mano una candela circondata da una protezione sulla quale si pu\u00f2 leggere il tradizionale canto di Lourdes, descrivendo cos\u00ec la storia delle apparizioni.<\/p>\t\t\t\t\t\t\t\t<\/div>\n\t\t\t\t<\/div>\n\t\t\t\t<div class=\"elementor-element elementor-element-9be8f29 elementor-widget elementor-widget-text-editor\" data-id=\"9be8f29\" data-element_type=\"widget\" data-widget_type=\"text-editor.default\">\n\t\t\t\t<div class=\"elementor-widget-container\">\n\t\t\t\t\t\t\t\t\t<p>Durante la processione, i pellegrini recitano il Rosario. A seconda del giorno vengono pregati i misteri gaudiosi, luminosi, dolorosi e gloriosi della preghiera del Rosario. All&#8217;inizio di ogni decina, delle frasi ripetute in varie lingue orientano la preghiera, in modo che non divenga una ripetizione meccanica. Anche i canti e l&#8217;Ave Maria si odono in diverse lingue. Nella pace della sera, ciascuno porta le intenzioni che ha nel cuore\u00a0 ma la preghiera riunisce, con la vergine Maria, questa folla &#8220;di tutte le nazioni, popoli e lingue&#8221;, in un\u2019assemblea orante, come i discepoli al Cenacolo dopo l&#8217;Ascensione di Cristo. La processione ha luogo con qualsiasi tempo: i pellegrini di Lourdes sono tenaci e sanno che \u00e8 prudente attrezzarsi in caso di pioggia \u2026<\/p>\t\t\t\t\t\t\t\t<\/div>\n\t\t\t\t<\/div>\n\t\t\t\t<div class=\"elementor-element elementor-element-eb9ebc2 elementor-widget elementor-widget-text-editor\" data-id=\"eb9ebc2\" data-element_type=\"widget\" data-widget_type=\"text-editor.default\">\n\t\t\t\t<div class=\"elementor-widget-container\">\n\t\t\t\t\t\t\t\t\t<p><span style=\"color: #e8a700;\">Lo sapevate? <\/span>Dal mese di aprile sino al mese di ottobre e durante l\u2019inverno in occasione delle feste mariane quali l\u20198 dicembre e l\u201911 febbraio, il Santuario organizza ogni anno 200 processioni mariane con le fiaccole.<\/p>\t\t\t\t\t\t\t\t<\/div>\n\t\t\t\t<\/div>\n\t\t\t\t<div class=\"elementor-element elementor-element-efbf0e5 elementor-widget elementor-widget-text-editor\" data-id=\"efbf0e5\" data-element_type=\"widget\" data-widget_type=\"text-editor.default\">\n\t\t\t\t<div class=\"elementor-widget-container\">\n\t\t\t\t\t\t\t\t\t<p><span style=\"color: #e8a700;\">Lo sapevate? <\/span>I fuochisti (addetti ai ceri n.d.t.), sin dalle origini del Santuario, vegliano sui ceri ardenti. Nel silenzio della preghiera, notte e giorno, le migliaia di ceri deposti dai pellegrini bruciano dolcemente. Questi uomini devoti si alternano sera e mattina. Ogni anno, vengono bruciati mediamente oltre 400 tonnellate di ceri. La dimensione delle candele pu\u00f2 variare da 130 gr. per le pi\u00f9 comuni, sino a dei veri colossi di 70 kg. Alcuni membri della squadra, conosciuta come &#8220;I fuochisti dell\u2019Apparizione&#8221;, hanno il compito di vegliare sul candelabro della Grotta composto all\u2019intorno da 90 ceri e da un cero sulla sua sommit\u00e0.<\/p>\t\t\t\t\t\t\t\t<\/div>\n\t\t\t\t<\/div>\n\t\t\t\t<div class=\"elementor-element elementor-element-e340398 elementor-widget elementor-widget-text-editor\" data-id=\"e340398\" data-element_type=\"widget\" data-widget_type=\"text-editor.default\">\n\t\t\t\t<div class=\"elementor-widget-container\">\n\t\t\t\t\t\t\t\t\t<h3 class=\"field-label field-duree\">Durata<\/h3><p class=\"field-duree\">1h\/1h 30, secondo l\u2019affluenza.<\/p>\t\t\t\t\t\t\t\t<\/div>\n\t\t\t\t<\/div>\n\t\t\t\t<div class=\"elementor-element elementor-element-2ef8bf3 elementor-widget elementor-widget-text-editor\" data-id=\"2ef8bf3\" data-element_type=\"widget\" data-widget_type=\"text-editor.default\">\n\t\t\t\t<div class=\"elementor-widget-container\">\n\t\t\t\t\t\t\t\t\t<h3 class=\"field-label field-lieu\">Luogo<\/h3><p class=\"field-lieu\">Esplanade e Piazzale del Rosario<\/p>\t\t\t\t\t\t\t\t<\/div>\n\t\t\t\t<\/div>\n\t\t\t\t<div class=\"elementor-element elementor-element-8436eeb elementor-widget elementor-widget-text-editor\" data-id=\"8436eeb\" data-element_type=\"widget\" data-widget_type=\"text-editor.default\">\n\t\t\t\t<div class=\"elementor-widget-container\">\n\t\t\t\t\t\t\t\t\t<h3 class=\"field-label field-quand\">Quando<\/h3><p class=\"field-quand\">Tutti i giorni alle h 21,00 (da Pasqua sino ad ottobre)<\/p>\t\t\t\t\t\t\t\t<\/div>\n\t\t\t\t<\/div>\n\t\t\t\t<div class=\"elementor-element elementor-element-130ad3e elementor-widget elementor-widget-text-editor\" data-id=\"130ad3e\" data-element_type=\"widget\" data-widget_type=\"text-editor.default\">\n\t\t\t\t<div class=\"elementor-widget-container\">\n\t\t\t\t\t\t\t\t\t<h3 class=\"orange\">Bisogno di un consiglio?<\/h3><p><span style=\"color: #e8a702;\"><strong>Centro d&#8217;informazione del Santuario<\/strong><\/span><br \/><span class=\"tel\">+33 (0)5 62 42 20 08<\/span><\/p>\t\t\t\t\t\t\t\t<\/div>\n\t\t\t\t<\/div>\n\t\t\t\t<div class=\"elementor-element elementor-element-accd8d3 elementor-widget elementor-widget-video\" data-id=\"accd8d3\" data-element_type=\"widget\" data-settings=\"{&quot;youtube_url&quot;:&quot;https:\\\/\\\/youtu.be\\\/2QuNwSYAD4A&quot;,&quot;video_type&quot;:&quot;youtube&quot;,&quot;controls&quot;:&quot;yes&quot;}\" data-widget_type=\"video.default\">\n\t\t\t\t<div class=\"elementor-widget-container\">\n\t\t\t\t\t\t\t<div class=\"elementor-wrapper elementor-open-inline\">\n\t\t\t<div class=\"elementor-video\"><\/div>\t\t<\/div>\n\t\t\t\t\t\t<\/div>\n\t\t\t\t<\/div>\n\t\t\t\t\t<\/div>\n\t\t<\/div>\n\t\t\t\t\t<\/div>\n\t\t<\/section>\n\t\t\t\t<\/div>\n\t\t","protected":false},"excerpt":{"rendered":"<p>Il 14 agosto 1983, papa Giovanni Paolo II, alla fine della processione della sera, ha detto: \u201cIn questa notte tranquilla, vegliamo. Preghiamo. Non pi\u00f9 segretamente, ma come un immenso popolo in cammino al seguito di Ges\u00f9 Cristo risorto, illuminandoci reciprocamente, &hellip; <a href=\"https:\/\/www.lourdes-france.org\/it\/processione-mariana-con-fiaccole\/\">Continua<\/a><\/p>\n","protected":false},"author":7,"featured_media":0,"parent":0,"menu_order":0,"comment_status":"closed","ping_status":"closed","template":"","meta":{"_acf_changed":false,"footnotes":""},"class_list":["post-10869","page","type-page","status-publish","hentry"],"acf":[],"yoast_head":"<!-- This site is optimized with the Yoast SEO plugin v24.7 - https:\/\/yoast.com\/wordpress\/plugins\/seo\/ -->\n<title>Partecipare alla processione mariana<\/title>\n<meta name=\"robots\" content=\"index, follow, max-snippet:-1, max-image-preview:large, max-video-preview:-1\" \/>\n<link rel=\"canonical\" href=\"https:\/\/www.lourdes-france.org\/it\/processione-mariana-con-fiaccole\/\" \/>\n<meta name=\"twitter:label1\" content=\"Tempo di lettura stimato\" \/>\n\t<meta name=\"twitter:data1\" content=\"2 minuti\" \/>\n<script type=\"application\/ld+json\" class=\"yoast-schema-graph\">{\"@context\":\"https:\/\/schema.org\",\"@graph\":[{\"@type\":\"WebPage\",\"@id\":\"https:\/\/www.lourdes-france.org\/it\/processione-mariana-con-fiaccole\/\",\"url\":\"https:\/\/www.lourdes-france.org\/it\/processione-mariana-con-fiaccole\/\",\"name\":\"Partecipare alla processione mariana\",\"isPartOf\":{\"@id\":\"https:\/\/preprod-lourdes.cawita.com\/#website\"},\"datePublished\":\"2018-07-18T09:20:45+00:00\",\"dateModified\":\"2021-03-02T15:08:52+00:00\",\"breadcrumb\":{\"@id\":\"https:\/\/www.lourdes-france.org\/it\/processione-mariana-con-fiaccole\/#breadcrumb\"},\"inLanguage\":\"it-IT\",\"potentialAction\":[{\"@type\":\"ReadAction\",\"target\":[\"https:\/\/www.lourdes-france.org\/it\/processione-mariana-con-fiaccole\/\"]}]},{\"@type\":\"BreadcrumbList\",\"@id\":\"https:\/\/www.lourdes-france.org\/it\/processione-mariana-con-fiaccole\/#breadcrumb\",\"itemListElement\":[{\"@type\":\"ListItem\",\"position\":1,\"name\":\"Accueil\",\"item\":\"https:\/\/www.lourdes-france.org\/\"},{\"@type\":\"ListItem\",\"position\":2,\"name\":\"Partecipare alla processione mariana\"}]},{\"@type\":\"WebSite\",\"@id\":\"https:\/\/preprod-lourdes.cawita.com\/#website\",\"url\":\"https:\/\/preprod-lourdes.cawita.com\/\",\"name\":\"Soutenir le Sanctuaire Notre-Dame de Lourdes\",\"description\":\"\",\"potentialAction\":[{\"@type\":\"SearchAction\",\"target\":{\"@type\":\"EntryPoint\",\"urlTemplate\":\"https:\/\/preprod-lourdes.cawita.com\/?s={search_term_string}\"},\"query-input\":{\"@type\":\"PropertyValueSpecification\",\"valueRequired\":true,\"valueName\":\"search_term_string\"}}],\"inLanguage\":\"it-IT\"}]}<\/script>\n<!-- \/ Yoast SEO plugin. -->","yoast_head_json":{"title":"Partecipare alla processione mariana","robots":{"index":"index","follow":"follow","max-snippet":"max-snippet:-1","max-image-preview":"max-image-preview:large","max-video-preview":"max-video-preview:-1"},"canonical":"https:\/\/www.lourdes-france.org\/it\/processione-mariana-con-fiaccole\/","twitter_misc":{"Tempo di lettura stimato":"2 minuti"},"schema":{"@context":"https:\/\/schema.org","@graph":[{"@type":"WebPage","@id":"https:\/\/www.lourdes-france.org\/it\/processione-mariana-con-fiaccole\/","url":"https:\/\/www.lourdes-france.org\/it\/processione-mariana-con-fiaccole\/","name":"Partecipare alla processione mariana","isPartOf":{"@id":"https:\/\/preprod-lourdes.cawita.com\/#website"},"datePublished":"2018-07-18T09:20:45+00:00","dateModified":"2021-03-02T15:08:52+00:00","breadcrumb":{"@id":"https:\/\/www.lourdes-france.org\/it\/processione-mariana-con-fiaccole\/#breadcrumb"},"inLanguage":"it-IT","potentialAction":[{"@type":"ReadAction","target":["https:\/\/www.lourdes-france.org\/it\/processione-mariana-con-fiaccole\/"]}]},{"@type":"BreadcrumbList","@id":"https:\/\/www.lourdes-france.org\/it\/processione-mariana-con-fiaccole\/#breadcrumb","itemListElement":[{"@type":"ListItem","position":1,"name":"Accueil","item":"https:\/\/www.lourdes-france.org\/"},{"@type":"ListItem","position":2,"name":"Partecipare alla processione mariana"}]},{"@type":"WebSite","@id":"https:\/\/preprod-lourdes.cawita.com\/#website","url":"https:\/\/preprod-lourdes.cawita.com\/","name":"Soutenir le Sanctuaire Notre-Dame de Lourdes","description":"","potentialAction":[{"@type":"SearchAction","target":{"@type":"EntryPoint","urlTemplate":"https:\/\/preprod-lourdes.cawita.com\/?s={search_term_string}"},"query-input":{"@type":"PropertyValueSpecification","valueRequired":true,"valueName":"search_term_string"}}],"inLanguage":"it-IT"}]}},"_links":{"self":[{"href":"https:\/\/www.lourdes-france.org\/it\/wp-json\/wp\/v2\/pages\/10869","targetHints":{"allow":["GET"]}}],"collection":[{"href":"https:\/\/www.lourdes-france.org\/it\/wp-json\/wp\/v2\/pages"}],"about":[{"href":"https:\/\/www.lourdes-france.org\/it\/wp-json\/wp\/v2\/types\/page"}],"author":[{"embeddable":true,"href":"https:\/\/www.lourdes-france.org\/it\/wp-json\/wp\/v2\/users\/7"}],"replies":[{"embeddable":true,"href":"https:\/\/www.lourdes-france.org\/it\/wp-json\/wp\/v2\/comments?post=10869"}],"version-history":[{"count":4,"href":"https:\/\/www.lourdes-france.org\/it\/wp-json\/wp\/v2\/pages\/10869\/revisions"}],"predecessor-version":[{"id":20918,"href":"https:\/\/www.lourdes-france.org\/it\/wp-json\/wp\/v2\/pages\/10869\/revisions\/20918"}],"wp:attachment":[{"href":"https:\/\/www.lourdes-france.org\/it\/wp-json\/wp\/v2\/media?parent=10869"}],"curies":[{"name":"wp","href":"https:\/\/api.w.org\/{rel}","templated":true}]}}

<div data-elementor-type="wp-post" data-elementor-id="10869" class="elementor elementor-10869 elementor-577 elementor-bc-flex-widget" data-elementor-post-type="page">
						<section class="elementor-section elementor-top-section elementor-element elementor-element-434ea43 elementor-section-boxed elementor-section-height-default elementor-section-height-default" data-id="434ea43" data-element_type="section">
						<div class="elementor-container elementor-column-gap-no">
					<div class="elementor-column elementor-col-100 elementor-top-column elementor-element elementor-element-7fe9323" data-id="7fe9323" data-element_type="column">
			<div class="elementor-widget-wrap elementor-element-populated">
						<div class="elementor-element elementor-element-5ba31c6 elementor-widget elementor-widget-text-editor" data-id="5ba31c6" data-element_type="widget" data-widget_type="text-editor.default">
				<div class="elementor-widget-container">
									<p>Il 14 agosto 1983, papa Giovanni Paolo II, alla fine della processione della sera, ha detto: “In questa notte tranquilla, vegliamo. Preghiamo. Non più segretamente, ma come un immenso popolo in cammino al seguito di Gesù Cristo risorto, illuminandoci reciprocamente, guidandoci a vicenda ”.</p>								</div>
				</div>
				<div class="elementor-element elementor-element-9d0cb75 elementor-widget elementor-widget-text-editor" data-id="9d0cb75" data-element_type="widget" data-widget_type="text-editor.default">
				<div class="elementor-widget-container">
									<p>Non mancate di partecipare alla processione della sera, che è anche chiamata &#8220;fiaccolata del ritiro&#8221;. Già il 18 febbraio 1858, giorno della terza apparizione, una delle due persone che accompagnarono Bernadette portò una candela. Successivamente, Bernadette stessa si recò alla Grotta sempre con una candela. La famosa fiaccolata di Lourdes, la cui immagine è conosciuta in tutto il mondo, è stata introdotta a Lourdes nel 1863 da padre Marie-Antoine, un cappuccino soprannominato &#8220;il Santo di Tolosa&#8221;.<br />La processione mariana è il momento più popolare di Lourdes. I pellegrini si riuniscono intorno ai loro vessilli. Tutte le persone malate, che lo desiderano e che possono prendervi parte, ci tengono ad essere presenti.<br />Potrete tenere in mano una candela circondata da una protezione sulla quale si può leggere il tradizionale canto di Lourdes, descrivendo così la storia delle apparizioni.</p>								</div>
				</div>
				<div class="elementor-element elementor-element-9be8f29 elementor-widget elementor-widget-text-editor" data-id="9be8f29" data-element_type="widget" data-widget_type="text-editor.default">
				<div class="elementor-widget-container">
									<p>Durante la processione, i pellegrini recitano il Rosario. A seconda del giorno vengono pregati i misteri gaudiosi, luminosi, dolorosi e gloriosi della preghiera del Rosario. All&#8217;inizio di ogni decina, delle frasi ripetute in varie lingue orientano la preghiera, in modo che non divenga una ripetizione meccanica. Anche i canti e l&#8217;Ave Maria si odono in diverse lingue. Nella pace della sera, ciascuno porta le intenzioni che ha nel cuore  ma la preghiera riunisce, con la vergine Maria, questa folla &#8220;di tutte le nazioni, popoli e lingue&#8221;, in un’assemblea orante, come i discepoli al Cenacolo dopo l&#8217;Ascensione di Cristo. La processione ha luogo con qualsiasi tempo: i pellegrini di Lourdes sono tenaci e sanno che è prudente attrezzarsi in caso di pioggia …</p>								</div>
				</div>
				<div class="elementor-element elementor-element-eb9ebc2 elementor-widget elementor-widget-text-editor" data-id="eb9ebc2" data-element_type="widget" data-widget_type="text-editor.default">
				<div class="elementor-widget-container">
									<p><span style="color: #e8a700;">Lo sapevate? </span>Dal mese di aprile sino al mese di ottobre e durante l’inverno in occasione delle feste mariane quali l’8 dicembre e l’11 febbraio, il Santuario organizza ogni anno 200 processioni mariane con le fiaccole.</p>								</div>
				</div>
				<div class="elementor-element elementor-element-efbf0e5 elementor-widget elementor-widget-text-editor" data-id="efbf0e5" data-element_type="widget" data-widget_type="text-editor.default">
				<div class="elementor-widget-container">
									<p><span style="color: #e8a700;">Lo sapevate? </span>I fuochisti (addetti ai ceri n.d.t.), sin dalle origini del Santuario, vegliano sui ceri ardenti. Nel silenzio della preghiera, notte e giorno, le migliaia di ceri deposti dai pellegrini bruciano dolcemente. Questi uomini devoti si alternano sera e mattina. Ogni anno, vengono bruciati mediamente oltre 400 tonnellate di ceri. La dimensione delle candele può variare da 130 gr. per le più comuni, sino a dei veri colossi di 70 kg. Alcuni membri della squadra, conosciuta come &#8220;I fuochisti dell’Apparizione&#8221;, hanno il compito di vegliare sul candelabro della Grotta composto all’intorno da 90 ceri e da un cero sulla sua sommità.</p>								</div>
				</div>
				<div class="elementor-element elementor-element-e340398 elementor-widget elementor-widget-text-editor" data-id="e340398" data-element_type="widget" data-widget_type="text-editor.default">
				<div class="elementor-widget-container">
									<h3 class="field-label field-duree">Durata</h3><p class="field-duree">1h/1h 30, secondo l’affluenza.</p>								</div>
				</div>
				<div class="elementor-element elementor-element-2ef8bf3 elementor-widget elementor-widget-text-editor" data-id="2ef8bf3" data-element_type="widget" data-widget_type="text-editor.default">
				<div class="elementor-widget-container">
									<h3 class="field-label field-lieu">Luogo</h3><p class="field-lieu">Esplanade e Piazzale del Rosario</p>								</div>
				</div>
				<div class="elementor-element elementor-element-8436eeb elementor-widget elementor-widget-text-editor" data-id="8436eeb" data-element_type="widget" data-widget_type="text-editor.default">
				<div class="elementor-widget-container">
									<h3 class="field-label field-quand">Quando</h3><p class="field-quand">Tutti i giorni alle h 21,00 (da Pasqua sino ad ottobre)</p>								</div>
				</div>
				<div class="elementor-element elementor-element-130ad3e elementor-widget elementor-widget-text-editor" data-id="130ad3e" data-element_type="widget" data-widget_type="text-editor.default">
				<div class="elementor-widget-container">
									<h3 class="orange">Bisogno di un consiglio?</h3><p><span style="color: #e8a702;"><strong>Centro d&#8217;informazione del Santuario</strong></span><br /><span class="tel">+33 (0)5 62 42 20 08</span></p>								</div>
				</div>
				<div class="elementor-element elementor-element-accd8d3 elementor-widget elementor-widget-video" data-id="accd8d3" data-element_type="widget" data-settings="{&quot;youtube_url&quot;:&quot;https:\/\/youtu.be\/2QuNwSYAD4A&quot;,&quot;video_type&quot;:&quot;youtube&quot;,&quot;controls&quot;:&quot;yes&quot;}" data-widget_type="video.default">
				<div class="elementor-widget-container">
							<div class="elementor-wrapper elementor-open-inline">
			<div class="elementor-video"></div>		</div>
						</div>
				</div>
					</div>
		</div>
					</div>
		</section>
				</div>

<p>Il 14 agosto 1983, papa Giovanni Paolo II, alla fine della processione della sera, ha detto: “In questa notte tranquilla, vegliamo. Preghiamo. Non più segretamente, ma come un immenso popolo in cammino al seguito di Gesù Cristo risorto, illuminandoci reciprocamente, &hellip; <a href="https://www.lourdes-france.org/it/processione-mariana-con-fiaccole/">Continua</a></p>
